) = 2*c**2 + 4*c - 1. Let t(m) = -m**3 + m**2 - m + 4. Let h be t(3). Let r = -20 - h. What is the units digit of d(r)?
5
What is the units digit of 1269 - (-2 + 2 + 12/4)?
6
Let d(w) = -3*w**2 - 10*w + 5. Let r be d(-5). What is the units digit of ((-6)/(-4))/((-2)/r)?
5
Let a = 115 + -90. What is the units digit of a?
5
Let t be 1*(2 + (-18)/(-2)). Let o = 8 - t. What is the tens digit of -2 + (o - (-32 + 1))?
2
Let k = -14 - -25. Suppose -k*l + 7*l + 168 = 0. What is the units digit of l?
2
Suppose -12760 = 12*a - 23*a. What is the thousands digit of a?
1
Suppose 5*i = 8*i - 576. Suppose 8*m = i + 160. What is the tens digit of m?
4
Let j = -214 - -11. Let a = -91 - j. Let t = -67 + a. What is the units digit of t?
5
Let d(m) = -m**2 + 6*m + 7. Let k be d(8). Let p be (-4 - 16/(-6))*k. What is the tens digit of (-2 + 16/p)*-54?
3
Let t(x) = 2*x**2 - 15*x - 89. What is the units digit of t(17)?
4
Suppose 18*u - 46059 = -8133. What is the units digit of u?
7
Let t = -14 + 15. What is the tens digit of -1 + t - (-13 - 111)?
2
Suppose 5*o - 207 = -4*o. Suppose 2*b + 3*b = 120. Suppose -b - o = -s. What is the tens digit of s?
4
Suppose -760 = -2*w - 4*l, 0 = 2*l - 5*l - 15. What is the hundreds digit of w?
3
Let f = 325 + -255. What is the tens digit of f?
7
Suppose -104*n = 4*z - 108*n - 17348, 0 = -4*z + 2*n + 17350. What is the tens digit of z?
3
Let p(c) = -c**3 - 7*c**2 - 7*c - 7. Let b be p(-6). Let g(j) = 76*j**2 + j - 1. What is the tens digit of g(b)?
7
Suppose 5*s - 2219 = 3*d, 4*s - 1759 = 7*d - 10*d. What is the hundreds digit of s?
4
Suppose -4*r - 3313 = -3*a + r, 3*r = -4*a + 4398. What is the hundreds digit of a?
1
Suppose 3*o = -2*x + 187, -5*x + 9 = 2*o - 101. What is the tens digit of o?
6
Let o be (80/12)/2*3. Suppose -5*n = -10*n + o. Suppose -4*w = 3*k - 51 - 6, 3*w = -n*k + 44. What is the units digit of w?
8
Suppose -5 - 5 = -5*m. Suppose 45 = 5*v - 5*q, -5*v = m*q + 3*q + 5. Suppose 2*f = -v + 74. What is the units digit of f?
5
Suppose 0*i - 4*i = -360. Let j be i/20 - 1/2. Suppose j*t = -2*b + 24, -5*b + 4 = -4*b. What is the units digit of t?
4
Let b(l) = -2*l**3 + 765. What is the units digit of b(0)?
5
Let u be (-242)/(-11) + (-1 - -2). Let y = 21 - u. What is the tens digit of (y/(-4))/((-3)/(-60))?
1
Let i(m) = -m**2 - 7*m - 13. Let v be i(-6). Let r = v + 7. Suppose -3*b - 54 = f - 2*f, 3*f + 4*b - 97 = r. What is the units digit of f?
9
What is the tens digit of (-2)/(2/23*(-3)/9)?
6
Suppose 3*q - 3*w - 389 = 121, -510 = -3*q - w. What is the units digit of q?
0
Suppose -985 = 4*j - 9*j. Suppose 11*z + j - 2089 = 0. What is the units digit of z?
2
Let c = 126 + -171. Let m = 132 + c. What is the tens digit of m?
8
Let w = 48 + 3. What is the tens digit of w/(-4)*6*(-10)/3?
5
Let v = 6 + -1. Suppose 51 = 2*o + v. Suppose -22 - o = -3*r. What is the units digit of r?
5
What is the hundreds digit of (-3)/((-189)/14) - 7990/(-9)?
8
Let w(m) = 365*m + 36. What is the units digit of w(4)?
6
Let x(q) = -29*q - 3. Let y be x(-1). Let g(k) = -k**2 + 4*k + 5. Let v be g(5). Suppose v = -20*a + 19*a + y. What is the units digit of a?
6
Let s = 5479 - 2687. What is the hundreds digit of s?
7
Let c(w) be the first derivative of -w**4/4 - 14*w**3/3 - 5*w**2/2 - 13*w - 10. What is the tens digit of c(-14)?
5
Let c = -27 - -29. Suppose -j + 4*u - 9 + c = 0, 0 = j + 3*u + 7. Let z(k) = k**2 - k - 8. What is the units digit of z(j)?
8
Suppose -5*k - 2*s - 30 = 0, 5*k + s + 3*s + 20 = 0. Let g(l) = l + 10. Let f be g(k). Suppose 2*n - 12 = -f*n. What is the units digit of n?
3
What is the hundreds digit of (-4)/(-10) + 42137/145?
2
What is the units digit of 180/(-90) + 8628/2?
2
Let y(v) = 11*v + 1. Suppose 130 = 3*c + 10*c. What is the units digit of y(c)?
1
Let g(f) = -f**3 + 7*f - 5. What is the hundreds digit of g(-7)?
2
Suppose -5*b + b + 20 = 0. Suppose l = -2*p - 3 - b, 3*l + 8 = -2*p. Suppose -4*o + 97 + 139 = l. What is the tens digit of o?
5
Suppose -w = -2 + 3. Let l be (w - -1)/(-1 - -2). Suppose -5*q + l*q = -105. What is the tens digit of q?
2
Suppose -n + 258 = 2*w + 4*n, 0 = -5*w + 2*n + 703. Suppose d = r - w, 2*d - d + 687 = 5*r. What is the units digit of r?
7
Let x be ((-50)/(-15) - 4)*-3. Suppose -45 + 3 = -x*m. What is the units digit of m?
1
Suppose 0 = 4*y + 4*g + 1 - 13, g - 12 = -4*y. Suppose 0 = y*a - 5*a + 100. What is the units digit of a?
0
Suppose 60 = 5*s - r, 3*s - 2*s + 3*r - 12 = 0. What is the units digit of s/5*70/28?
6
What is the units digit of (-15 - -11)*(-438)/24?
3
Suppose -3*l + l + 4*p = -22, 3*p = l - 14. Let d be (14/(-35))/((-1)/l). Suppose y = d*n - 50, 5*y - 101 = -4*n + n. What is the tens digit of n?
2
Let u(z) = -z**2 + z - 11. Let v be u(4). Let s = v - -45. What is the units digit of s?
2
Let a(h) = 62*h + 3. Let q be a(3). Let c = q + -110. What is the units digit of c?
9
Suppose 374 = 2*s - 0*s. Suppose s - 43 = b. Suppose 5*w + 4*k = b - 43, -4*w - 4*k = -80. What is the units digit of w?
1
Let w be (-11)/(-1) - 1/1. Suppose -2*k = -7*k + w. What is the units digit of k?
2
Suppose 678 + 27 = 3*d. What is the units digit of d?
5
Let d = 8 + -17. Let p be (-14)/(-4) + d/18. Suppose -h - p*l + 12 = -1, -3*l = 5*h - 29. What is the units digit of h?
4
Let z(r) = -6*r - 1. Let y be (4 - 2) + -3 + -2. Let g be z(y). Suppose 0 = -0*b + b - g. What is the tens digit of b?
1
Let o(f) = 687*f**2 - 6*f + 7. What is the tens digit of o(1)?
8
Let p(y) = 3*y + 3. Let j be p(-4). Let f(a) = -a**2 - 7*a + 1. Let z be f(j). Let d = 14 - z. What is the units digit of d?
1
Suppose 2400*k + 30141 = 2409*k. What is the thousands digit of k?
3
Suppose 0 = 2*c + 4*r - 18, 0 = -c - 4*c + 2*r + 21. Let h(j) = 2*j + 13. Let i be h(-5). Suppose -c = -5*m, i*v = m - 2*m + 115. What is the tens digit of v?
3
Let z(i) = -i - 3. Let h be z(-3). Suppose 0*y + y = h. Suppose -5*s + 6 + 4 = y. What is the units digit of s?
2
Let j(g) be the second derivative of -g**3/3 + 9*g**2 + 12*g. What is the units digit of j(-9)?
6
Suppose 11 = -2*g - 1. Let b = g + 2. Let k(f) = 2*f**2 + 4*f - 5. What is the units digit of k(b)?
1
Let a(o) = -o**3 + 8*o**2 + 4. Let u be a(8). Suppose -3*j = m + 34, -u*m - 2*j = -0*j + 146. Let z = m + 70. What is the tens digit of z?
3
Suppose -4*z + 27954 = 5*p - 3*z, -z = -5*p + 27956. What is the hundreds digit of p?
5
Suppose -8*s + 4*s + 2*w = 0, -2*s = 3*w + 8. What is the units digit of ((-171)/38)/(s/22)?
9
Let v be (10 - 13)*(-13 - -1). Let b be (3 + -2)*v + -2. What is the units digit of (b/4)/((-8)/(-16))?
7
Let d(z) be the second derivative of -z**3/3 + z**2/2 + 9*z. What is the tens digit of d(-6)?
1
Let j = -244 + 669. What is the units digit of j?
5
Let n(b) = 103*b**2 + 13*b - 18. What is the tens digit of n(-6)?
1
Let g(m) = 1439*m**3 + 2*m**2 - m - 1. What is the hundreds digit of g(1)?
4
Suppose -m + 0*m - 1551 = -g, 3*m = -3*g + 4659. What is the tens digit of g?
5
Let q be 9/(-6)*404/(-6). Suppose -4*b + 178 = -2*g, -b + 3*b - 5*g = q. What is the tens digit of b?
4
Suppose -606 - 449 = -5*u. Suppose 2*p - u = 49. What is the tens digit of p?
3
Let c(p) = -p**3 - 6*p**2 + 8. Let s be c(-6). Suppose 4*u + 3*n + 0 + s = 0, 3*u - 4*n - 19 = 0. Let o = u + 9. What is the units digit of o?
0
Suppose 5*l = -x + 5867, 17*x - 22*x = 2*l - 2333. What is the thousands digit of l?
1
Let v(c) = 74*c - 67. What is the units digit of v(30)?
3
What is the hundreds digit of -1 + 18/12 - (-1606)/4?
4
Suppose 0*v = -2*v + 6. Suppose -23 + v = -5*u. Suppose -3*p + u*p + 5*s - 24 = 0, p - 38 = 2*s. What is the tens digit of p?
3
Let j = -376 + 536. What is the units digit of j?
0
What is the thousands digit of (-1274)/(-1) + 25 + -32?
1
Let l = 48 + -57. What is the hundreds digit of 2373/7*(-6)/l?
2
Suppose -5*j + 16 = -4. What is the units digit of j*(0 + 145/20)?
9
Let o be (-6)/(-4)*(2 + 2496/18). Suppose -4*i + 904 = 4*a, 5*a - a + o = i. What is the tens digit of i?
2
Suppose -q + 5*q + 2*q = 0. Suppose 5*r + q*r - 15 = 0, -j + 56 = -4*r. What is the units digit of j?
8
Let v(b) = 3*b + 93 - 93. Let a be (-5)/(-2) - (-3)/(-6). What is the units digit of v(a)?
6
Suppose 0 = 3*x + 17 - 11, -5*h = 5*x. What is the units digit of h?
2
Let c(l) = 13*l + 20*l - 8 - 37*l. Supp